nder when u is divided by 14?
12
Let u(w) = 3*w**2 - 3*w - 4. Let y be u(-3). Suppose -y = 4*m - 88. What is the remainder when 39 is divided by m?
11
Suppose 3*x - 38 = 61. Suppose -5*b + 6*z - z + 85 = 0, 2*z = 4*b - 58. Calculate the remainder when x is divided by b.
9
Let k(x) = -x**2 - 7*x + 3. Let g = -17 + 28. What is the remainder when g is divided by k(-7)?
2
Suppose -4*v + j = -86, 0 = -v - 2*j - 0*j + 26. What is the remainder when 170/(-4)*4/(-2) is divided by v?
19
Suppose 5 = -2*u - 1. Let d(r) = -3*r + 2. What is the remainder when 31 is divided by d(u)?
9
Suppose 2*k + 4*s + 10 = -0*k, 4 = -4*s. Let v = k + -1. What is the remainder when 11 is divided by -1 - 1*(v - 1)?
3
Let r(d) = -d**3 - 4*d**2 + 4*d - 2. Calculate the remainder when 12 is divided by r(-5).
0
What is the remainder when 20 is divided by (-4)/5*((-22 - -7) + 5)?
4
What is the remainder when 103 is divided by (-35)/14*(-14 - 0)?
33
Suppose 5*j = 1967 - 267. Calculate the remainder when j is divided by 57.
55
Suppose 5*j = p - 4*p + 43, 2*j - 2*p - 14 = 0. What is the remainder when 23 is divided by j?
7
Calculate the remainder when 1 - 4 - 48/(-2) is divided by 6.
3
Let b(x) = x**2 - 7*x + 3. Let f be b(7). Suppose -10 + 52 = f*w. What is the remainder when 27 is divided by w?
13
Let l(c) = c**2 + 3. Let y be l(3). Suppose 0 = 2*w - 6*w + 8. Suppose 22 = w*t - y. Calculate the remainder when 33 is divided by t.
16
Let p(z) = z**2 + 6*z - 9. Calculate the remainder when p(6) is divided by 22.
19
Let y(t) = -t - 3. Let n be y(-7). Suppose 0 = -g + 2*g - n. What is the remainder when 14 is divided by g?
2
Let s = -41 + 86. Calculate the remainder when s is divided by 23.
22
Let s = -114 + 185. Let d = s + -42. What is the remainder when d is divided by 8?
5
Calculate the remainder when 15 is divided by (-11 - -1)*(-4)/5.
7
Suppose r + 52 = 2*r. Suppose 0 = -5*b + 3*b + r. What is the remainder when b is divided by 14?
12
Calculate the remainder when (-2)/6 - 984/(-36) is divided by 10.
7
Let y(j) = j**2 + 6*j + 4. What is the remainder when y(7) is divided by 16?
15
Let y(b) = -b + 2. Let x be y(1). What is the remainder when 26 is divided by (-2)/x + 4*3?
6
Let d(r) = -7*r. Let t be d(-3). Let b = t - 11. Calculate the remainder when b is divided by 3.
1
Let f(j) = j**3 - 6*j**2 + 6*j + 3. What is the remainder when f(5) is divided by 6?
2
Suppose 46 = 6*o - 20. Calculate the remainder when 8/(2/(-8)*-1) is divided by o.
10
Suppose 0 = -5*c - 25, -2*y + c = 3*y - 55. Suppose 26*i - 27 - 77 = 0. What is the remainder when y is divided by i?
2
Suppose -4*r - 14 = 2. Let q = r + 7. Calculate the remainder when (-1 + -2)/((-6)/16) is divided by q.
2
Suppose -91 + 13 = -4*z - 2*x, -5*x - 57 = -4*z. Suppose -j - 2*j - 4*t + 10 = 0, 0 = j + 2*t. Calculate the remainder when z is divided by j.
8
Let v be (33/6)/(3/12). Suppose 2*m = m + v. What is the remainder when 43 is divided by m?
21
Let g = 46 - -24. Calculate the remainder when g is divided by 12.
10
Let r = -26 + 5. Let o = -10 - r. What is the remainder when o is divided by 7?
4
Let x(q) = 6*q - 6. Let p = -3 + 9. Calculate the remainder when 87 is divided by x(p).
27
Suppose m - 4*m = -51. Suppose -2*p - 5 + 1 = 2*u, -5*p + u - 34 = 0. Calculate the remainder when (p/(-4))/((-7)/(-224)) is divided by m.
14
Suppose -j = -n - 89, -3*n - 288 = j + 3*j. Let c = -56 - n. Suppose -4*q = d - 6*d - 66, -q + 5*d = -9. What is the remainder when c is divided by q?
17
Let p(j) = j**2 - 7*j + 3. Let f be (-2)/(-7) + (-47)/(-7). Let t(y) = y**3 - 4*y**2 + 4. What is the remainder when t(4) is divided by p(f)?
1
Suppose -4*u + j + 1094 = 218, 0 = -5*u - 3*j + 1095. Suppose t = 4*t - u. What is the remainder when t is divided by 25?
23
Suppose 3 = b + q + 5, 0 = 4*b + 2*q + 8. Let r be (b + 1)/((-1)/5). Suppose 0 = c - 0 + 2, 3*g + 2*c = r. What is the remainder when 3 is divided by g?
0
Let i = 22 - 5. What is the remainder when 32 is divided by i?
15
Suppose 5*a - 31 = -4*m, 3*a - 13 = 4*m - 52. Suppose -3 - m = -4*h. Calculate the remainder when h is divided by 1.
0
Let b(u) be the third derivative of u**6/120 - 2*u**5/15 + 7*u**4/24 + 2*u**3/3 + 2*u**2. What is the remainder when 11 is divided by b(7)?
3
Let q(u) = -4*u - 1. Let c(l) = -l**3 - 2*l**2 - 1. Let w be c(-2). Let o(y) = 10*y**3 - y**2 + 2*y - 1. What is the remainder when o(1) is divided by q(w)?
1
Let g(a) = 3*a. Let u be g(-7). Suppose 0 = -4*b + 4, 0*o - b - 110 = 3*o. Let i = u - o. What is the remainder when 31 is divided by i?
15
Suppose -4*g = 5*i - 66, 4*g - 3*i - 86 = 2*i. What is the remainder when g is divided by 5?
4
Let h be (4/(-5))/(4/(-10)). Suppose -8*t + 70 = -4*t - 2*z, 2*t - 38 = h*z. Calculate the remainder when 46 is divided by t.
14
Suppose 0 = 3*j + 4*w - 67, -j + 6*j + w = 106. What is the remainder when j is divided by 4?
1
Suppose 0 = -b + 1 + 9. Calculate the remainder when 39 is divided by b.
9
Let n = 16 - 0. What is the remainder when 29 is divided by n?
13
Let p = -1 - -7. Suppose m + p*m = 434. Let x(d) = 4*d + 5. What is the remainder when m is divided by x(4)?
20
Let t(q) = -11*q + 11. Let r(s) = 6*s - 5. Let z(d) = 5*r(d) + 2*t(d). Calculate the remainder when ((-240)/(-64) - (-1)/4) + 20 is divided by z(2).
11
Suppose -2*r = -4*g + 78, 3*g = 8*g + 4*r - 65. Calculate the remainder when g is divided by 10.
7
Suppose 3*c + 2*c = -4*g + 35, -c = 3*g - 18. Let m = 7 - 4. Suppose 0 = m*n + 4*p - 47, 3*n + 4*p = 2*p + 37. Calculate the remainder when n is divided by g.
4
Let g(f) = f + 29. Calculate the remainder when g(6) is divided by 6.
5
Suppose -4*m + 245 = m + 5*s, -m - 5*s = -41. What is the remainder when m is divided by 41?
10
Let d be (52/13)/((-4)/(-2)). Let x be (-38)/14 - 4/14. What is the remainder when 2/(d/x) + 7 is divided by 3?
1
Suppose 4*q - 3 - 57 = 0. Suppose -r = -s - 0*r - 9, -24 = 2*s - 5*r. Let h(y) = y**2 + 6*y + 2. What is the remainder when q is divided by h(s)?
6
Let i(m) = -m**2 + 18*m - 5. Suppose 3*a = -2*j + 33, -3*j - 4*a - 10 + 58 = 0. Calculate the remainder when i(j) is divided by 23.
21
Let z(a) = -a + 11. Suppose -4*n = -5*n. Calculate the remainder when 54 is divided by z(n).
10
Suppose -j + 324 = 8*j. What is the remainder when j is divided by 9?
0
Let q be 3 + -2 - (0 - 4). Suppose -p = 0, q*x - p - 35 = 2*p. What is the remainder when 12 is divided by x?
5
Let m(h) = h**3 + 8*h**2 + 4*h + 8. Let b = -4 + -2. Calculate the remainder when m(b) is divided by (2 + -2)/(-1) - -19.
18
Suppose 0 = -3*n - 2*n + 60. Let b = -83 - -117. What is the remainder when b is divided by n?
10
Suppose -3 - 3 = -3*n. Let y = 22 - 20. Calculate the remainder when y is divided by -1*2*(-1)/n.
0
Let c(f) = 16*f**2 + f - 2. What is the remainder when c(2) is divided by 13?
12
Suppose 0 = -4*n, 2*j + 2*j - n = 108. Calculate the remainder when j is divided by 14.
13
Suppose -2*p - 2 = -p - z, 8 = -2*z. What is the remainder when 37 is divided by 38/(3/((-9)/p))?
18
Suppose 18 = 3*h - 6*h. Let n = h - -8. What is the remainder when 5 is divided by n?
1
Let g = 57 + -38. Suppose -g - 17 = -3*k. What is the remainder when 34 is divided by k?
10
Let f(n) = 5*n**3 - 2*n**2 + 3*n - 3. Let y(o) = o**3 - o**2 + o. Let r(m) = -f(m) + 6*y(m). What is the remainder when 4 is divided by r(3)?
1
Let i = 265 - 258. Let a(k) = -k + 10. Let d be a(6). Suppose -2*x = -d*x + 38. Calculate the remainder when x is divided by i.
5
Let j(f) = -f**3 + 5*f**2 - 2*f - 4. Let c be j(4). Suppose -10 - 30 = -c*d. Calculate the remainder when 18 is divided by d.
8
Suppose -5*o = -0*o - 10. Let v(a) = a**2 + 5*a - 1. Calculate the remainder when v(-6) is divided by o.
1
Suppose 2*h + h = z + 164, -3*h + 174 = -3*z. Calculate the remainder when h is divided by 15.
8
Let f = 5 + -3. Suppose f*n - 29 = 5. What is the remainder when 48 is divided by n?
14
Let y = 10 + -15. Let x(o) = -11*o - 2. What is the remainder when x(y) is divided by (0 - (-1)/(-2))*-36?
17
Let g(l) = -l + 76. Let v be g(0). Suppose 2*y - 5*y = -12. Suppose -y*n + v = -2*n. What is the remainder when n is divided by 13?
12
What is the remainder when 3 - 9 - -9 - (-227 + 1) is divided by 29?
26
Let j(k) = -3*k + 21. Calculate the remainder when 70 is divided by j(5).
